{"id":23,"date":"2019-10-20T10:26:32","date_gmt":"2019-10-20T08:26:32","guid":{"rendered":"https:\/\/weber-ams.de\/cms\/?page_id=23"},"modified":"2025-07-22T06:04:38","modified_gmt":"2025-07-22T04:04:38","slug":"service","status":"publish","type":"page","link":"https:\/\/weber-ams.de\/cms\/index.php\/service\/","title":{"rendered":"3D Druck \/ Additive Fertigung"},"content":{"rendered":"\n<p>Wir bieten Ihnen folgende Dienstleistungen f\u00fcr Einzelanfertigungen, Prototypen und Kleinserien an. Dabei spielt es keine Rolle, ob Sie als Privat- oder Gesch\u00e4ftskunde einen Auftrag haben. Wir haben immer ein offenes Ohr f\u00fcr Ihre W\u00fcnsche.<\/p>\n\n\n\n<p>In enger Zusammenarbeit mit einem der gr\u00f6\u00dften deutschen Filamenthersteller k\u00f6nnen wir Sonderfilamente nach RAL-Farben sowie Additive anbieten. Diese erm\u00f6glichen nicht nur individuelle Farbgestaltungen, sondern auch die Beschriftung der gedruckten Bauteile mittels Faserlaser. So erhalten Sie ma\u00dfgeschneiderte L\u00f6sungen, die perfekt auf Ihre Anforderungen abgestimmt sind.<\/p>\n\n\n\n<hr class=\"wp-block-separator has-text-color has-vivid-cyan-blue-color has-css-opacity has-vivid-cyan-blue-background-color has-background\"\/>\n\n\n\n<p class=\"has-very-light-gray-background-color has-background\">Additive Fertigung<\/p>\n\n\n\n<p class=\"has-text-align-left\">FFF <strong>(Fused <strong>F<\/strong>ilament Fabrication)<\/strong><\/p>\n\n\n\n<p class=\"has-text-align-left\">Schmelzbarer Kunststoff wird schichtweise aufgetragen, um ein 3D-Objekt zu erstellen. Das Material wird erhitzt, durch eine D\u00fcse gedr\u00fcckt und Schicht f\u00fcr Schicht aufgebaut. Diese Technik eignet sich gut f\u00fcr schnelle Prototypen und funktionale Modelle.<\/p>\n\n\n\n<p>SLA <strong>(Stereolithografie)<\/strong><\/p>\n\n\n\n<p>Es wird fl\u00fcssiges Harz schichtweise mit einem UV-Laser oder einer Lichtquelle ausgeh\u00e4rtet wird. Das Harz wird punktgenau belichtet, wodurch es aush\u00e4rtet und die Form des Objekts annimmt. Diese Technik erm\u00f6glicht sehr detailreiche und glatte Oberfl\u00e4chen, ideal f\u00fcr pr\u00e4zise Modelle und Prototypen.<\/p>\n\n\n\n<p>SLS <strong>(selektives Laser Sintern)<\/strong><\/p>\n\n\n\n<p>Es wird sehr feines Pulver aus Kunststoff, Metall oder Keramik schichtweise verschmolzen wird. Ein Laser schmilzt das Pulver an den gew\u00fcnschten Stellen, sodass die Schichten miteinander verbunden werden und das Objekt entsteht. Diese Technik ist besonders geeignet f\u00fcr komplexe, robuste und funktionale Modelle.<\/p>\n\n\n\n<p>MJF <strong>(Multi Jet Fusion)<\/strong><\/p>\n\n\n\n<p>Feines Pulver aus Kunststoff wird schichtweise aufgetragen. Anschlie\u00dfend werden kleine Tintenstrahld\u00fcsen verwendet, um Bindemittel und F\u00fcllstoffe in das Pulver zu spr\u00fchen. Danach wird das Ganze durch Hitze verschmolzen, sodass das Objekt schichtweise entsteht. MJF ist bekannt f\u00fcr schnelle Produktionszeiten, hohe Detailgenauigkeit und robuste, funktionale Teile.<\/p>\n\n\n\n<figure class=\"wp-block-gallery has-nested-images columns-default is-cropped wp-block-gallery-1 is-layout-flex wp-block-gallery-is-layout-flex\">\n<figure class=\"wp-block-image size-large\"><img data-recalc-dims=\"1\" decoding=\"async\" width=\"1024\" height=\"513\" data-id=\"1279\" data-src=\"https:\/\/i0.wp.com\/weber-ams.de\/cms\/wp-content\/uploads\/2025\/07\/Schaltpult_2025-Jul-17_03-57-18AM-000_CustomizedView11450452773.png?resize=1024%2C513&#038;ssl=1\" alt=\"\" class=\"wp-image-1279 lazyload\" data-srcset=\"https:\/\/i0.wp.com\/weber-ams.de\/cms\/wp-content\/uploads\/2025\/07\/Schaltpult_2025-Jul-17_03-57-18AM-000_CustomizedView11450452773.png?resize=1024%2C513&amp;ssl=1 1024w, https:\/\/i0.wp.com\/weber-ams.de\/cms\/wp-content\/uploads\/2025\/07\/Schaltpult_2025-Jul-17_03-57-18AM-000_CustomizedView11450452773.png?resize=300%2C150&amp;ssl=1 300w, https:\/\/i0.wp.com\/weber-ams.de\/cms\/wp-content\/uploads\/2025\/07\/Schaltpult_2025-Jul-17_03-57-18AM-000_CustomizedView11450452773.png?resize=768%2C385&amp;ssl=1 768w, https:\/\/i0.wp.com\/weber-ams.de\/cms\/wp-content\/uploads\/2025\/07\/Schaltpult_2025-Jul-17_03-57-18AM-000_CustomizedView11450452773.png?resize=1536%2C769&amp;ssl=1 1536w, https:\/\/i0.wp.com\/weber-ams.de\/cms\/wp-content\/uploads\/2025\/07\/Schaltpult_2025-Jul-17_03-57-18AM-000_CustomizedView11450452773.png?resize=2048%2C1026&amp;ssl=1 2048w, https:\/\/i0.wp.com\/weber-ams.de\/cms\/wp-content\/uploads\/2025\/07\/Schaltpult_2025-Jul-17_03-57-18AM-000_CustomizedView11450452773.png?resize=800%2C400&amp;ssl=1 800w, https:\/\/i0.wp.com\/weber-ams.de\/cms\/wp-content\/uploads\/2025\/07\/Schaltpult_2025-Jul-17_03-57-18AM-000_CustomizedView11450452773.png?resize=500%2C250&amp;ssl=1 500w\" data-sizes=\"(max-width: 1024px) 100vw, 1024px\" src=\"data:image\/svg+xml;base64,PHN2ZyB3aWR0aD0iMSIgaGVpZ2h0PSIxIiB4bWxucz0iaHR0cDovL3d3dy53My5vcmcvMjAwMC9zdmciPjwvc3ZnPg==\" style=\"--smush-placeholder-width: 1024px; --smush-placeholder-aspect-ratio: 1024\/513;\" \/><\/figure>\n\n\n\n<figure class=\"wp-block-image size-large\"><img data-recalc-dims=\"1\" decoding=\"async\" width=\"1024\" height=\"513\" data-id=\"1280\" data-src=\"https:\/\/i0.wp.com\/weber-ams.de\/cms\/wp-content\/uploads\/2025\/07\/Schaltpult_2025-Jul-17_03-58-39AM-000_CustomizedView11237912061.png?resize=1024%2C513&#038;ssl=1\" alt=\"\" class=\"wp-image-1280 lazyload\" data-srcset=\"https:\/\/i0.wp.com\/weber-ams.de\/cms\/wp-content\/uploads\/2025\/07\/Schaltpult_2025-Jul-17_03-58-39AM-000_CustomizedView11237912061.png?resize=1024%2C513&amp;ssl=1 1024w, https:\/\/i0.wp.com\/weber-ams.de\/cms\/wp-content\/uploads\/2025\/07\/Schaltpult_2025-Jul-17_03-58-39AM-000_CustomizedView11237912061.png?resize=300%2C150&amp;ssl=1 300w, https:\/\/i0.wp.com\/weber-ams.de\/cms\/wp-content\/uploads\/2025\/07\/Schaltpult_2025-Jul-17_03-58-39AM-000_CustomizedView11237912061.png?resize=768%2C385&amp;ssl=1 768w, https:\/\/i0.wp.com\/weber-ams.de\/cms\/wp-content\/uploads\/2025\/07\/Schaltpult_2025-Jul-17_03-58-39AM-000_CustomizedView11237912061.png?resize=1536%2C769&amp;ssl=1 1536w, https:\/\/i0.wp.com\/weber-ams.de\/cms\/wp-content\/uploads\/2025\/07\/Schaltpult_2025-Jul-17_03-58-39AM-000_CustomizedView11237912061.png?resize=2048%2C1026&amp;ssl=1 2048w, https:\/\/i0.wp.com\/weber-ams.de\/cms\/wp-content\/uploads\/2025\/07\/Schaltpult_2025-Jul-17_03-58-39AM-000_CustomizedView11237912061.png?resize=800%2C400&amp;ssl=1 800w, https:\/\/i0.wp.com\/weber-ams.de\/cms\/wp-content\/uploads\/2025\/07\/Schaltpult_2025-Jul-17_03-58-39AM-000_CustomizedView11237912061.png?resize=500%2C250&amp;ssl=1 500w\" data-sizes=\"(max-width: 1024px) 100vw, 1024px\" src=\"data:image\/svg+xml;base64,PHN2ZyB3aWR0aD0iMSIgaGVpZ2h0PSIxIiB4bWxucz0iaHR0cDovL3d3dy53My5vcmcvMjAwMC9zdmciPjwvc3ZnPg==\" style=\"--smush-placeholder-width: 1024px; --smush-placeholder-aspect-ratio: 1024\/513;\" \/><\/figure>\n\n\n\n<figure class=\"wp-block-image size-large\"><img data-recalc-dims=\"1\" decoding=\"async\" width=\"1024\" height=\"1024\" data-id=\"1221\" data-src=\"https:\/\/i0.wp.com\/weber-ams.de\/cms\/wp-content\/uploads\/2025\/06\/ki-bild-erstellen.de-Erstelle-mir-ein-.jpg?resize=1024%2C1024&#038;ssl=1\" alt=\"\" class=\"wp-image-1221 lazyload\" data-srcset=\"https:\/\/i0.wp.com\/weber-ams.de\/cms\/wp-content\/uploads\/2025\/06\/ki-bild-erstellen.de-Erstelle-mir-ein-.jpg?w=1024&amp;ssl=1 1024w, https:\/\/i0.wp.com\/weber-ams.de\/cms\/wp-content\/uploads\/2025\/06\/ki-bild-erstellen.de-Erstelle-mir-ein-.jpg?resize=300%2C300&amp;ssl=1 300w, https:\/\/i0.wp.com\/weber-ams.de\/cms\/wp-content\/uploads\/2025\/06\/ki-bild-erstellen.de-Erstelle-mir-ein-.jpg?resize=150%2C150&amp;ssl=1 150w, https:\/\/i0.wp.com\/weber-ams.de\/cms\/wp-content\/uploads\/2025\/06\/ki-bild-erstellen.de-Erstelle-mir-ein-.jpg?resize=768%2C768&amp;ssl=1 768w, https:\/\/i0.wp.com\/weber-ams.de\/cms\/wp-content\/uploads\/2025\/06\/ki-bild-erstellen.de-Erstelle-mir-ein-.jpg?resize=200%2C200&amp;ssl=1 200w, https:\/\/i0.wp.com\/weber-ams.de\/cms\/wp-content\/uploads\/2025\/06\/ki-bild-erstellen.de-Erstelle-mir-ein-.jpg?resize=500%2C500&amp;ssl=1 500w, https:\/\/i0.wp.com\/weber-ams.de\/cms\/wp-content\/uploads\/2025\/06\/ki-bild-erstellen.de-Erstelle-mir-ein-.jpg?resize=100%2C100&amp;ssl=1 100w\" data-sizes=\"(max-width: 1024px) 100vw, 1024px\" src=\"data:image\/svg+xml;base64,PHN2ZyB3aWR0aD0iMSIgaGVpZ2h0PSIxIiB4bWxucz0iaHR0cDovL3d3dy53My5vcmcvMjAwMC9zdmciPjwvc3ZnPg==\" style=\"--smush-placeholder-width: 1024px; --smush-placeholder-aspect-ratio: 1024\/1024;\" \/><\/figure>\n\n\n\n<figure class=\"wp-block-image size-large\"><img data-recalc-dims=\"1\" decoding=\"async\" width=\"1024\" height=\"1024\" data-id=\"1222\" data-src=\"https:\/\/i0.wp.com\/weber-ams.de\/cms\/wp-content\/uploads\/2025\/06\/ki-bild-erstellen.de-Erstelle-mir-ein-.-3.jpg?resize=1024%2C1024&#038;ssl=1\" alt=\"\" class=\"wp-image-1222 lazyload\" data-srcset=\"https:\/\/i0.wp.com\/weber-ams.de\/cms\/wp-content\/uploads\/2025\/06\/ki-bild-erstellen.de-Erstelle-mir-ein-.-3.jpg?w=1024&amp;ssl=1 1024w, https:\/\/i0.wp.com\/weber-ams.de\/cms\/wp-content\/uploads\/2025\/06\/ki-bild-erstellen.de-Erstelle-mir-ein-.-3.jpg?resize=300%2C300&amp;ssl=1 300w, https:\/\/i0.wp.com\/weber-ams.de\/cms\/wp-content\/uploads\/2025\/06\/ki-bild-erstellen.de-Erstelle-mir-ein-.-3.jpg?resize=150%2C150&amp;ssl=1 150w, https:\/\/i0.wp.com\/weber-ams.de\/cms\/wp-content\/uploads\/2025\/06\/ki-bild-erstellen.de-Erstelle-mir-ein-.-3.jpg?resize=768%2C768&amp;ssl=1 768w, https:\/\/i0.wp.com\/weber-ams.de\/cms\/wp-content\/uploads\/2025\/06\/ki-bild-erstellen.de-Erstelle-mir-ein-.-3.jpg?resize=200%2C200&amp;ssl=1 200w, https:\/\/i0.wp.com\/weber-ams.de\/cms\/wp-content\/uploads\/2025\/06\/ki-bild-erstellen.de-Erstelle-mir-ein-.-3.jpg?resize=500%2C500&amp;ssl=1 500w, https:\/\/i0.wp.com\/weber-ams.de\/cms\/wp-content\/uploads\/2025\/06\/ki-bild-erstellen.de-Erstelle-mir-ein-.-3.jpg?resize=100%2C100&amp;ssl=1 100w\" data-sizes=\"(max-width: 1024px) 100vw, 1024px\" src=\"data:image\/svg+xml;base64,PHN2ZyB3aWR0aD0iMSIgaGVpZ2h0PSIxIiB4bWxucz0iaHR0cDovL3d3dy53My5vcmcvMjAwMC9zdmciPjwvc3ZnPg==\" style=\"--smush-placeholder-width: 1024px; --smush-placeholder-aspect-ratio: 1024\/1024;\" \/><\/figure>\n\n\n\n<figure class=\"wp-block-image size-large\"><img data-recalc-dims=\"1\" decoding=\"async\" width=\"1024\" height=\"1024\" data-id=\"1220\" data-src=\"https:\/\/i0.wp.com\/weber-ams.de\/cms\/wp-content\/uploads\/2025\/06\/ki-bild-erstellen.de-Erstelle-mir-ein-.-1-1.jpg?resize=1024%2C1024&#038;ssl=1\" alt=\"\" class=\"wp-image-1220 lazyload\" data-srcset=\"https:\/\/i0.wp.com\/weber-ams.de\/cms\/wp-content\/uploads\/2025\/06\/ki-bild-erstellen.de-Erstelle-mir-ein-.-1-1.jpg?w=1024&amp;ssl=1 1024w, https:\/\/i0.wp.com\/weber-ams.de\/cms\/wp-content\/uploads\/2025\/06\/ki-bild-erstellen.de-Erstelle-mir-ein-.-1-1.jpg?resize=300%2C300&amp;ssl=1 300w, https:\/\/i0.wp.com\/weber-ams.de\/cms\/wp-content\/uploads\/2025\/06\/ki-bild-erstellen.de-Erstelle-mir-ein-.-1-1.jpg?resize=150%2C150&amp;ssl=1 150w, https:\/\/i0.wp.com\/weber-ams.de\/cms\/wp-content\/uploads\/2025\/06\/ki-bild-erstellen.de-Erstelle-mir-ein-.-1-1.jpg?resize=768%2C768&amp;ssl=1 768w, https:\/\/i0.wp.com\/weber-ams.de\/cms\/wp-content\/uploads\/2025\/06\/ki-bild-erstellen.de-Erstelle-mir-ein-.-1-1.jpg?resize=200%2C200&amp;ssl=1 200w, https:\/\/i0.wp.com\/weber-ams.de\/cms\/wp-content\/uploads\/2025\/06\/ki-bild-erstellen.de-Erstelle-mir-ein-.-1-1.jpg?resize=500%2C500&amp;ssl=1 500w, https:\/\/i0.wp.com\/weber-ams.de\/cms\/wp-content\/uploads\/2025\/06\/ki-bild-erstellen.de-Erstelle-mir-ein-.-1-1.jpg?resize=100%2C100&amp;ssl=1 100w\" data-sizes=\"(max-width: 1024px) 100vw, 1024px\" src=\"data:image\/svg+xml;base64,PHN2ZyB3aWR0aD0iMSIgaGVpZ2h0PSIxIiB4bWxucz0iaHR0cDovL3d3dy53My5vcmcvMjAwMC9zdmciPjwvc3ZnPg==\" style=\"--smush-placeholder-width: 1024px; --smush-placeholder-aspect-ratio: 1024\/1024;\" \/><\/figure>\n<\/figure>\n\n\n\n<p><\/p>\n","protected":false},"excerpt":{"rendered":"<p>Wir bieten Ihnen folgende Dienstleistungen f\u00fcr Einzelanfertigungen, Prototypen und Kleinserien an. Dabei spielt es keine Rolle, ob Sie als Privat- [&hellip;]<\/p>\n","protected":false},"author":1,"featured_media":0,"parent":0,"menu_order":0,"comment_status":"closed","ping_status":"closed","template":"","meta":{"footnotes":""},"class_list":["post-23","page","type-page","status-publish","hentry"],"aioseo_notices":[],"jetpack_sharing_enabled":true,"_links":{"self":[{"href":"https:\/\/weber-ams.de\/cms\/index.php\/wp-json\/wp\/v2\/pages\/23","targetHints":{"allow":["GET"]}}],"collection":[{"href":"https:\/\/weber-ams.de\/cms\/index.php\/wp-json\/wp\/v2\/pages"}],"about":[{"href":"https:\/\/weber-ams.de\/cms\/index.php\/wp-json\/wp\/v2\/types\/page"}],"author":[{"embeddable":true,"href":"https:\/\/weber-ams.de\/cms\/index.php\/wp-json\/wp\/v2\/users\/1"}],"replies":[{"embeddable":true,"href":"https:\/\/weber-ams.de\/cms\/index.php\/wp-json\/wp\/v2\/comments?post=23"}],"version-history":[{"count":13,"href":"https:\/\/weber-ams.de\/cms\/index.php\/wp-json\/wp\/v2\/pages\/23\/revisions"}],"predecessor-version":[{"id":1285,"href":"https:\/\/weber-ams.de\/cms\/index.php\/wp-json\/wp\/v2\/pages\/23\/revisions\/1285"}],"wp:attachment":[{"href":"https:\/\/weber-ams.de\/cms\/index.php\/wp-json\/wp\/v2\/media?parent=23"}],"curies":[{"name":"wp","href":"https:\/\/api.w.org\/{rel}","templated":true}]}}